e d + 13 = 5*t. List the prime factors of t.
7
Suppose -7*x + 24 = -3*x. Suppose 28 = -x*o + 4. What are the prime factors of 4 + 0 - (o - -1)?
7
Let i be (-2)/8 - (-1378)/8. Suppose 2*l + 0*l = i. What are the prime factors of l?
2, 43
Let v be (1 + 0)/((-5)/(-2855)). Suppose -4*n + k = -v, n = -2*k + 7*k + 157. List the prime factors of n.
2, 71
Suppose 4*r = z + 881, 0 = -r - 4*z + 7*z + 212. List the prime factors of r.
13, 17
Let s(z) = -18*z + 2. Let y(n) = 6*n - 1. Let h(i) = 4*s(i) + 11*y(i). Let v be h(-4). Suppose -v = -4*w + 23. What are the prime factors of w?
11
Let l be 5/10*0*1/2. Suppose 5*j - 2*a - 162 = l, -2*j + 4*a = -0*j - 52. What are the prime factors of j?
2, 17
Let o(s) be the second derivative of -s**4/12 + 3*s**3/2 + s**2 + 10*s. List the prime factors of o(6).
2, 5
Let r be (-3)/(-9)*0*-1. Let h(v) = v**3 + v**2 + 24. List the prime factors of h(r).
2, 3
Let m(l) = -l**3 - 3*l**2 - 2*l + 290. What are the prime factors of m(0)?
2, 5, 29
Let c(g) = -g**3 + 5*g**2 - 4*g + 6. Let m be c(3). What are the prime factors of 370/(-15)*m/(-8)?
37
Suppose 5*k = 4*o + 1670, 0 = 2*k + 2*o + 3*o - 668. What are the prime factors of k?
2, 167
Let x be (-299)/(-26) - 1/(-2). Suppose 4*g + x = 0, 0*o - g = -3*o + 630. What are the prime factors of o?
11, 19
Suppose 966 = 6*r - 0*r. List the prime factors of r.
7, 23
Let v(j) = -j**3 + 19*j**2 - 41*j + 28. What are the prime factors of v(16)?
2, 5, 7
Suppose 6*j - 3*j - 15 = 0. Suppose -2*s + 0*s = 5*c - 328, 3*c + j*s = 212. What are the prime factors of c?
2
Suppose -10*v + 6 = -7*v. Suppose 5 = -4*t - 3*a - 4, -v*t + 2*a = -6. Suppose 100 = 4*h + 4*o, -3 = 3*o - t. List the prime factors of h.
2, 13
Let w(u) = -u + 11. Let s be w(9). Suppose 2*a - 4*d = 174, 4*a - 2*d - 182 = s*a. What are the prime factors of a?
5, 19
Let h = 1247 + -255. List the prime factors of h.
2, 31
Let n(t) = t**3 + 18*t**2 + 9*t + 8. Let j be n(-7). What are the prime factors of 0 - ((-30)/70 - j/14)?
5, 7
Let t be -1 + 4 + (45 + -5 - 4). Suppose k + 2 + 4 = 0. Let h = t + k. List the prime factors of h.
3, 11
Suppose -553 - 172 = -5*p. Suppose 5 = 5*q - p. What are the prime factors of q?
2, 3, 5
Let k(c) = -3*c - 17. Let v be k(-9). Let w = 90 - v. List the prime factors of w.
2, 5
Let p = 541 + 568. List the prime factors of p.
1109
Suppose 2*y - 1110 = -364. Suppose -2*m = 3*s - 6*m - y, 248 = 2*s - 2*m. What are the prime factors of s?
3, 41
Let t(b) be the first derivative of -b**3/3 - 13*b**2/2 - 4*b + 9. What are the prime factors of t(-10)?
2, 13
Let c(b) = 58*b**2 + 3*b - 5. What are the prime factors of c(-4)?
911
Let n be (32 - 2)/(-3)*29/(-2). Suppose -n = 7*t - 12*t. List the prime factors of t.
29
Let i(h) be the second derivative of -8*h - 1/2*h**3 + 0 - 9/2*h**2. What are the prime factors of i(-4)?
3
Let c(v) = -5*v - 2*v + 6*v + 6*v**2. List the prime factors of c(2).
2, 11
Let x(y) = 25*y**2 - 10*y - 22. Let n be x(-8). Suppose -745 = -9*v + n. List the prime factors of v.
3, 89
List the prime factors of ((-7185)/9 + 3)/((-82)/369).
3, 1193
Suppose 23*p - 78026 = -3*p. What are the prime factors of p?
3001
Let g = -425 + 3003. What are the prime factors of g?
2, 1289
Let x = -43 + 22. Let q = 61 - x. List the prime factors of q.
2, 41
Suppose -9 = -4*m - 3*d, -3*m = -2*m + 3*d + 9. Let b be (-3 + 2)/((-3)/m). Suppose -b*y = -g + 41, -3*g = 2*y - 82 - 41. What are the prime factors of g?
41
Suppose 23*l = 19*l + 20. Suppose -85 - 35 = -l*j. List the prime factors of j.
2, 3
Let o = 143 + -95. What are the prime factors of -5*20*-2*18/o?
3, 5
Suppose 53 - 255 = 2*d. Let z = -60 - d. What are the prime factors of z + (-6)/(-3 - 0)?
43
Let u(p) = 8*p**3 - p**2 + 4*p + 1. Let w(j) = j**3 + j. Let q(z) = u(z) - 4*w(z). Suppose -s + r = 3*s - 4, 4*s = -4*r + 4. List the prime factors of q(s).
2
Let v = 114 + -121. List the prime factors of 280 - 3/(-1) - (-28)/v.
3, 31
Suppose x - 14 = 2*k, 2*k + 3*k = 5*x - 45. Let n be 3 + k - 0 - -12. What are the prime factors of (n/(-4))/((-2)/20)?
5
Suppose -d + 3*l + 0*l + 16 = 0, 3*d = -l - 2. What are the prime factors of (12/30)/(d/120)?
2, 3
Let s(a) = -64*a**3 - 3*a**2 - 3*a - 1. Let l be s(-2). Let f = -181 + l. List the prime factors of f.
2, 3
Suppose 3*o - 5*w - 9778 = 0, 12*w - 8 = 16*w. What are the prime factors of o?
2, 11, 37
Let h(y) = 3*y - 2. Suppose -3*w = 1 + 5. Let q be h(w). What are the prime factors of 172/16 - 2/q?
11
Suppose h = -x, -2*x = -0*h + 5*h - 3. Let b be -3 - (-2 + 0 - h). Let t(u) = -u + 13. List the prime factors of t(b).
13
Suppose 1515 = 4*l + 3*w, 5*w = 2*l + 260 - 1011. What are the prime factors of l?
2, 3, 7
Suppose 0 = -0*a + 5*a - 425. Suppose a = p + 2*p + 4*o, 0 = 3*p - 3*o - 99. List the prime factors of p.
31
Suppose 2*u - 20 = -3*u. Suppose -54 = -u*r + 2*p, 5*p - 2 = 3*r - 25. Suppose 230 = 21*w - r*w. List the prime factors of w.
2, 23
Let f = 16 + -10. Suppose p - f*p - 2*x + 2 = 0, -5*p - 4*x - 6 = 0. Suppose r - p*m - 15 - 14 = 0, 0 = 3*r - 3*m - 87. What are the prime factors of r?
29
Let i(s) = -81*s**2 - 3*s + 1. Let w be i(1). Let p = w + 166. List the prime factors of p.
83
Let s(v) be the third derivative of -v**6/120 - 11*v**5/30 - 13*v**4/12 + 13*v**3/3 + 15*v**2. List the prime factors of s(-21).
131
Let m = 23 - 19. List the prime factors of ((-5)/10 - (-2)/m) + 4.
2
Let y(r) = 3*r**2 + 81*r + 88. List the prime factors of y(-34).
2, 401
Let c be (-1 - 3)*(-11 - 3). What are the prime factors of (3 - 6/3) + c?
3, 19
Suppose 10 = 3*u - 44. Suppose 3*x - u = -0*x. What are the prime factors of x/(-15) + (-32)/(-5)?
2, 3
Let n = 16 - 18. Let t(x) = -31*x + 3. Let q be t(n). Let w = q - 36. What are the prime factors of w?
29
Let d(i) = -5 - 6 + 0 - i + 5. Let l = -19 + 6. What are the prime factors of d(l)?
7
Let r(b) = 7*b**2 - 22*b - 2. Let q(a) = -9*a. Let k(c) = -2*q(c) + r(c). Let l be 3*((-8)/6)/2. List the prime factors of k(l).
2, 17
Let z = 356 + -119. Let h(a) = -a**3 - 3*a**2 - 7*a - 11. Let v be h(-4). Suppose -3*g = v - z. List the prime factors of g.
2, 17
Let d(v) = 2*v**2 + 9. Let i = 35 - 35. What are the prime factors of d(i)?
3
Suppose -12198 = -10*k + 13662. What are the prime factors of k?
2, 3, 431
Let t(d) = -12*d - 172. Let q be t(-15). Let w(f) = 8 + 1 + f + 9. What are the prime factors of w(q)?
2, 13
Let d(n) = 58*n**2 + 56*n - 358. List the prime factors of d(7).
2, 719
Let s = 1451 + -974. What are the prime factors of s?
3, 53
Let v be 0 - 0 - (-7 - 1). Let g(q) = -v*q**2 + 5*q + 15*q**2 - 9*q**2 - q**3. List the prime factors of g(-4).
2, 3
Suppose 967 = 3*a - 5*l, -2*a = 2*a + 4*l - 1268. What are the prime factors of a?
11, 29
Suppose -14 = -5*g - 3*a, -2*a + 8 = g + 2*g. Suppose 5*m + 54 = 99. Suppose m*r = 7*r + g. What are the prime factors of r?
2
Let b(r) = -5*r - 11. Let x(m) = -m**2 + 4. Let o be x(3). What are the prime factors of b(o)?
2, 7
Let k(w) = w**3 + 2*w**2 - 4*w - 8. What are the prime factors of k(3)?
5
Let j be (-1)/3*-6*14. What are the prime factors of (j - 1)/(2/6)?
3
Let b(q) = q - 1. Let n be b(4). Let p = -71 + 97. Suppose x = -3*t + t + 2, -p = -n*x - 2*t. What are the prime factors of x?
2, 3
Let z be (-52)/13*-3*(-1)/(-4). Suppose -i + 183 = 2*i - z*o, o - 53 = -i. List the prime factors of i.
3, 19
Let w(c) = 3*c - 59. Let y be w(21). Suppose 2*g - 9*f = -4*f + 464, 940 = 4*g - y*f. What are the prime factors of g?
3, 79
Suppose -38 + 236 = 2*d. Let w = d + -18. List the prime factors of w.
3
Suppose q = -561 + 201. Let f = q + 633. What are the prime factors of f?
3, 7, 13
Suppose 0 = q + 1 - 2. Let u be (-28)/q - (-3 + -1). List the prime factors of (-274)/(-6) - u/18.
47
Suppose -19*t = -21*t + 850. List the prime factors of t.
5, 17
Let v = 494 - 33. What are the prime factors of v?
461
Let d be -4 + (15 - 5) + (-2)/2. Suppose -482 - 164 = -d*h - n, 0 = -4*n - 16. List the prime factors of h.
2, 5, 13
Let d(m) = -2*m**3 - 3*m**2 + 2*m - 7. Let g be d(-5). Suppose 0 = -3*b + b + g. Let p = -54 + b. What are the prime factors of p?
5
Suppose -5*q + 189 = i, 0 = i + 3*q + q - 192. Suppose i = -2*l - 4. Let b = -74 - l. List the prime factors of b.
2, 3, 5
Let z = 7 + -6. Let c = 1 + z. Suppose 4*j = -c*x + 4, 4*x - 3*j + 